-1 - -9. Let b = g + f. What is the highest common factor of b and 16?
8
Let k(w) = 53*w**3 - w**2 + w - 1. Let i be k(1). Let o(l) = -l**2 - 8*l - 2. Let c be o(-5). What is the highest common factor of i and c?
13
Suppose 640 = 3*r + 2*r. Suppose 4*x - 3*x + 58 = 0. Let w = r + x. What is the highest common factor of w and 10?
10
Suppose -108 = -b + 25. Suppose 3*j - 74 = -4*y + j, -3*y - 5*j = -52. What is the highest common divisor of b and y?
19
Suppose 1 + 2 = a. Suppose -a*z + 29 + 25 = 0. Calculate the greatest common divisor of 9 and z.
9
Let l be 110/8 + 102/24 + -4. What is the greatest common factor of l and 49?
7
Let h = -7 - -17. Suppose c + h = 2*c. Suppose 2*q - 3*q - 21 = -5*v, 4*q = 5*v - 24. Calculate the highest common factor of c and v.
2
Suppose -4*w + 49 = 5*b, w - 4*b + 14 = -0*b. Let y(q) = -q**2 + 10*q - 9. Let t be y(w). What is the highest common divisor of t and 6?
3
Suppose 5*c + 23 + 14 = 3*m, 39 = 5*m + 3*c. Calculate the highest common divisor of 1 and m.
1
Let v be (-28)/(-3) - 2/(-3). Suppose 5*n - n = 3*b - 74, b + 3*n = 42. Calculate the highest common factor of v and b.
10
Suppose 6 = -n + 4*g + 15, 2*n - 6 = -4*g. Suppose -n*i + 417 = 7. Let x = 136 - i. Calculate the highest common divisor of 6 and x.
6
Let b be (312/(-18))/((-2)/3). What is the highest common factor of b and 39?
13
Let f be 49/5 - 3/(-15). Let z(m) = -m**2 - 28*m - 65. Let v be z(-25). What is the highest common divisor of f and v?
10
Let f(l) = 4*l**3 + l**2 - l. Let w be f(1). What is the highest common factor of w and 12?
4
Suppose w - 2*w - 1 = 0. Let m be w/((-3)/(-6)*-1). Let t be (-2)/m + 1 + 80. What is the greatest common divisor of 10 and t?
10
Let j = 20 - 17. Suppose -4*a = -a - j*h - 9, a + 1 = 2*h. What is the greatest common divisor of a and 35?
7
Let o(n) = 2*n**2 - 8*n + 7. Let x be o(5). Calculate the highest common factor of x and 119.
17
Let p be (112/(-80))/(2*(-3)/30). Calculate the greatest common factor of p and 49.
7
Suppose -y = 6*y - 28. Calculate the greatest common factor of y and 12.
4
Suppose 3*z + 9 = 0, 2*i + 4*z - 2*z = 176. What is the highest common factor of 13 and i?
13
Let v(z) = -z**2 - 7*z - 7. Let h be v(-5). What is the greatest common divisor of h and 3?
3
Let g be (2/(24/(-75)))/(1/(-4)). What is the greatest common divisor of 5 and g?
5
Let g(z) = z**2 - 5*z - 2. Let o be g(7). Suppose 0*s + 4*n = -s + 100, 3*n + 6 = 0. What is the greatest common factor of o and s?
12
Suppose o = -4*o + 5. Calculate the greatest common divisor of o and 11.
1
Let a = 11 + -8. Suppose 3*g = -a*p + 12, -3*g + 16 = 7*p - 3*p. Suppose w - 11 = 1. What is the highest common factor of w and p?
4
Suppose -i + 3*v + 120 = -0*v, -3*i + 360 = 4*v. Calculate the highest common factor of i and 48.
24
Let k be (1/(-3))/((-7)/(-21)). Let h(i) = -i**3 - 4*i**2 + 3*i - 3. Let r be h(-3). Let v = k - r. Calculate the greatest common divisor of 4 and v.
4
Let l(w) = w**2 + 3*w - 25. Let t be l(-7). What is the highest common divisor of t and 9?
3
Suppose -3*q + 49 = -26. What is the greatest common divisor of 5 and q?
5
Suppose 0 = 2*i - 579 + 215. Let d = i + -106. What is the greatest common divisor of d and 19?
19
Let w be 133 - (1 + (-1 - -1)). Calculate the highest common factor of 12 and w.
12
Suppose -11*p + 249 = -840. What is the greatest common factor of 132 and p?
33
Suppose -2*b = -0*o + 2*o - 24, -2*o + 5*b + 24 = 0. What is the greatest common divisor of o and 132?
12
Suppose 5*u - 36 = -4*i, -2*i - 3*i = -20. Suppose -4*a + u = 0, -2*a + 27 = 4*n + n. What is the highest common divisor of n and 40?
5
Let z = 0 + 2. Suppose -19 = -v + 2*c, -2*v - z*c + 94 = 32. Let h = -39 + 57. What is the greatest common divisor of v and h?
9
Suppose 2*g - 2*r = 26, -2*r + 98 = 4*g + 16. Suppose 0 = -4*l + 5*s - 142 + 492, -4*s = 3*l - 278. Calculate the highest common factor of g and l.
18
Suppose -2*y + 4*y + 18 = 0. Let o be 4/18 + (-97)/y. What is the highest common divisor of 121 and o?
11
Let d(i) = 2*i**2 + 5*i + 2. Let t be d(-3). Let w(m) = -m**2 + 12*m - 10. Let k be w(7). What is the greatest common factor of t and k?
5
Let o be ((-32)/(-4))/(3/204). Let h = o - 324. Calculate the greatest common divisor of h and 20.
20
Let v be (-3)/(-18) - 1061/(-6). Let h = v + -78. Calculate the greatest common factor of 11 and h.
11
Suppose 3*u - 3*t = 48, 0 = 7*u - 3*u + 4*t - 32. Let f be 4*-3*(-3)/u. Calculate the greatest common divisor of 21 and f.
3
Let f(o) = o**3 + 4*o**2 - 4*o - 5. Let j be f(-4). What is the highest common divisor of j and 121?
11
Suppose 0 = 3*b - f - 28, 0*f = -3*b - 4*f + 53. Calculate the highest common divisor of b and 22.
11
Let m(k) = -k**3 + k**2 - k - 3. Let f(j) = j + 5. Let a be f(-5). Let h be m(a). Let v be (-1 + 2)/(h/(-63)). What is the highest common factor of 7 and v?
7
Suppose -q - f + 1 = 0, -2*f + 0*f = -5*q - 9. Let r be (q - 3)*(-7)/4. What is the highest common divisor of 35 and r?
7
Let q(a) = -4 + 0*a**2 + 10*a + 2*a**2 + 0. Let u be q(-11). What is the highest common factor of 16 and u?
16
Suppose -5*b + 14 = -3*b. Suppose -r - g + 14 = 0, -r + b - 1 = -g. Calculate the highest common divisor of 40 and r.
10
Let p(j) = j**2 + 3*j + 2. Let x be p(-6). Suppose -4*o + 5*l + 162 = -378, 2*l = o - 132. What is the highest common divisor of x and o?
20
Suppose 0 = -3*k - 6, -68 = -4*g - k + 178. Let i = 313 + -158. What is the greatest common divisor of i and g?
31
Let r = -13 + 24. Calculate the highest common divisor of 88 and r.
11
Let v(f) = -3*f - 11. Let g be v(-6). Calculate the greatest common divisor of g and 1.
1
Suppose -5*u + 5 = a, 5*a - 6 = -5*u - 1. Let b be 3 + ((-735)/u)/3. Let v = -158 - b. What is the highest common factor of v and 12?
12
Let u(w) = -w + 21. Let b be u(16). What is the highest common divisor of 50 and b?
5
Suppose m = -3*r + 4, 0 = -m - 2*m - 2*r + 12. What is the greatest common factor of 12 and m?
4
Let p(n) = 8*n - 7 + n + n. Let h be p(7). Suppose -h = -3*v - 9. Calculate the highest common factor of v and 27.
9
Let m(z) = -z**3 + 7*z**2 - 6*z + 6. Let b be m(4). Let v be ((-24)/15)/((-4)/b). Let f be 1/(15/12 - 1). What is the greatest common factor of f and v?
4
Suppose -5*z + 75 = 4*i, -7*i = -4*i + 3*z - 54. What is the highest common factor of 30 and i?
15
Let o be (-1 - 1)*(62/(-4) + 7). What is the greatest common divisor of o and 85?
17
Suppose 0 = 3*w - 4*j + 38 + 153, -w = -j + 63. Let r = 101 + w. What is the highest common divisor of 8 and r?
8
Suppose 0*v = 5*v - 55. What is the greatest common factor of 88 and v?
11
Let g(q) = 3*q**2 - 14*q + 12. Let s be g(12). What is the highest common factor of s and 12?
12
Let z be (88/5)/((-64)/(-480)). Let f(t) = -12*t**3 - t - 1. Let q be f(-1). Calculate the greatest common factor of z and q.
12
Let q(u) = -u - 39. Let k be q(0). Let z be 4*7*2/1. Let j = k + z. What is the highest common factor of j and 187?
17
Let b = -73 + 94. What is the highest common factor of 3 and b?
3
Let g = 32 + 13. Suppose 0*l - 2*m = l + 28, -l - m = 25. Let k = -7 - l. What is the greatest common factor of k and g?
15
Suppose -4*f + 20 = -4*z, 0*z + 1 = z. Let d(c) = 4*c + 4. Let s be d(f). Suppose -h + s = -0*h. Calculate the greatest common divisor of 4 and h.
4
Let w(a) = -31*a - 2. Let u be w(-5). Let n(v) = -3*v + 4*v + v + 7. Let d be n(5). What is the greatest common factor of u and d?
17
Let t(z) = z**3 - 9*z**2 - 9*z + 10. Let s be t(10). Calculate the greatest common factor of s and 220.
20
Let x be 13*(3 - 1) + 2. Let l be (6 - 7)/(1/25). Let b = l + 95. Calculate the greatest common factor of b and x.
14
Let g(j) = j**3 - 3*j**2 - 2*j + 1. Let c be g(4). Let m(n) = -n**3 + 7*n**2 + 9*n - 5. Let k be m(8). Calculate the highest common factor of c and k.
3
Let s(l) = 4*l - 9. Let m(f) = 16*f - 37. Let a(t) = -2*m(t) + 9*s(t). Let p be a(7). What is the highest common divisor of 147 and p?
21
Let b be 28/(5 - 3) + -2. Let d be ((-21)/b)/(1/(-4)). What is the greatest common factor of d and 63?
7
Let a(i) = 2 - i**3 - 1 + 5*i**2 + i - 5. Let s be a(5). Let z(u) = u + 4. Let j be z(7). Calculate the greatest common divisor of s and j.
1
Suppose 9*s + 74 = 272. Let g(u) = -13*u. Let j be g(-2). 